e the remainder when d is divided by 39.
28
Suppose 0 = 7*p + 5*p - 1764. What is the remainder when p is divided by 38?
33
What is the remainder when 473 is divided by (((-325)/(-30))/5)/(5/30)?
5
Let h(k) = 632*k - 48. Calculate the remainder when h(1) is divided by 42.
38
Let d(y) = -y**3 - 51*y**2 + 52*y + 19. Suppose 14 = 2*g - z, -5*z - 9 = g + 6. Let c = 16 - g. What is the remainder when d(-52) is divided by c?
8
Suppose -269*k + 264*k + 520 = 0. Calculate the remainder when k is divided by 29.
17
Let f(m) = 33*m - 85. Calculate the remainder when f(6) is divided by 29.
26
Let h(t) = -20*t + 924. What is the remainder when h(41) is divided by ((-12)/10 - 0)*-15?
14
Suppose q = 3*h + 17, q + 41 = 4*q + h. What is the remainder when 55 is divided by q?
13
Let j(n) be the third derivative of 11*n**5/30 + 5*n**4/24 + n**3/3 + 11*n**2. Calculate the remainder when j(-2) is divided by 42.
38
Suppose i - 31 = -h - 3*i, 2*h - i - 17 = 0. What is the remainder when (-74 - -68)/((-6)/20) is divided by h?
9
Let m = 205 + -118. Let h = -49 + m. Calculate the remainder when h is divided by 20.
18
Suppose -42 - 86 = -2*z. Suppose 2*a - 150 = z. Suppose -4*m + x = -a, -4*m + 58 = -5*x - 29. What is the remainder when m is divided by 15?
13
Let q = -52 - -123. Calculate the remainder when q is divided by (-170)/(-7) - (-6)/(-21).
23
Let t = 151 - 122. What is the remainder when 90 is divided by t?
3
Let o be ((-2)/(-2))/(1/17). Suppose 4*v - 2*b = -22, 55 = 4*v - 9*v - 3*b. Let c = v + o. What is the remainder when 26 is divided by c?
8
Let t = -989 - -3058. Calculate the remainder when t is divided by 45.
44
Suppose 5*g - 15 = 0, 3*g - 2*g - 3 = -2*w. Suppose y + w = 2. Calculate the remainder when y is divided by 1.
0
Let g = 41 - 63. Let k = -15 - g. Calculate the remainder when 55 is divided by k.
6
Suppose -37*r + 46*r - 7803 = 0. Calculate the remainder when r is divided by 30.
27
Suppose -5*p + 1 = -k - 1, 4*p + k - 7 = 0. Suppose 31 + p = 4*n. What is the remainder when 7 is divided by 36/n + (-1)/2?
3
Suppose 14*m + 7343 = 21*m. What is the remainder when m is divided by 15?
14
Suppose 0 = -98*i + 83*i + 165. Calculate the remainder when 63 is divided by i.
8
Let r = 10 + -5. Suppose -r*b - 24 = -7*b. What is the remainder when 58 is divided by b?
10
Suppose 18 = 3*w - 51. What is the remainder when 70 is divided by w?
1
Let q(t) = -2*t**2 + 3*t - 5. Let o be q(3). What is the remainder when 35 is divided by (6 + o)/(6/(-3))?
3
Let l(f) = 2*f**2 - 2*f + 1. Let k be l(2). Suppose 213 = k*p - 0*u + 2*u, 132 = 3*p - 3*u. Suppose 2*t = 7 + p. Calculate the remainder when t is divided by 9.
7
Let r(p) = -2*p**2 - 43*p - 57. Calculate the remainder when r(-17) is divided by 14.
12
Let c = 109 - 41. Suppose -c = 5*p - 398. Let t(z) = -22*z**3 + 2*z**2 + z. Calculate the remainder when p is divided by t(-1).
20
What is the remainder when 1405 is divided by 0 + 5 - (3 + -17)?
18
Let r(q) = 2*q**2 - 15*q - 20. What is the remainder when r(-4) is divided by 25?
22
Let j = -168 - -445. Calculate the remainder when j is divided by 81.
34
Let c = 21 - 33. Let m(f) = f**2 + 6*f + 10. Calculate the remainder when m(c) is divided by 17.
14
Suppose 0*j - 260 = -2*j. Let n = 301 - 282. What is the remainder when j is divided by n?
16
Suppose b + z = 3*b - 19, 4*b - 58 = -2*z. Let v = b + -4. Let a = v - 7. What is the remainder when 3 is divided by a?
0
Suppose 0 = -3*d - 0 - 3. Let x be d/(14/5 + -3). Suppose 0 = -x*o + 4*o + 10. What is the remainder when 17 is divided by o?
7
Suppose -5*m + 4*u + 149 = -0*u, -3*m + 4*u + 83 = 0. Let n = -61 + m. Let z = 36 + n. Calculate the remainder when 39 is divided by z.
7
Let w = 21 - 19. Let b be 1 - 0 - (-97 - w). Suppose -b = 10*y - 14*y. Calculate the remainder when y is divided by 10.
5
Let h = 94 - 91. Calculate the remainder when 22*1/((-6)/(-3)) is divided by h.
2
What is the remainder when 10 is divided by (680/(-595))/(((-1)/(-7))/(-1))?
2
Let v(b) = b**3 + 9*b**2 - 39*b - 16. What is the remainder when 98 is divided by v(-12)?
18
Let y = 11 - 11. Let k(i) = i**2 + 3*i - 6. Let m be k(-6). Suppose -3*z = -y - m. What is the remainder when 11 is divided by z?
3
Let r = 15 - 13. Suppose -12 = -2*v + 2*i, -r*v = -5*i - 0*i - 9. What is the remainder when (-195)/(-12) + 3/(-12) is divided by v?
2
Suppose 664 - 544 = 6*o. Calculate the remainder when 169 is divided by o.
9
Suppose -d - 9 + 14 = 0. Suppose 38 = -d*l + 108. Calculate the remainder when 55 is divided by l.
13
What is the remainder when 59 + -6*(-4)/24 is divided by 35?
25
Suppose -3*b + 37 = -3*d + d, -2*d - 59 = -5*b. Let j(c) = -5 + 13*c + c**2 + 4*c - 2*c**2. What is the remainder when j(7) is divided by b?
10
Suppose 26 - 7 = v. Let l = 31 - v. What is the remainder when 70 is divided by l?
10
Suppose -2*s = -3*x - 22, -4 = -s - 5*x + 3*x. What is the remainder when 14 is divided by 3/2 + 12/s?
2
Let a be (12/3)/((-6)/(-12)). Suppose a*r - 4*r = 284. What is the remainder when r is divided by 26?
19
Let g(f) = 92*f**3 - f**2 + f + 1. Let y be g(-1). Let p = -60 - y. What is the remainder when p is divided by 17?
16
Suppose 12 + 4 = -4*o - 4*p, 0 = -2*p + 2. Calculate the remainder when (-4 - o)/((-1)/(-17)) is divided by 6.
5
Let z = 171 + -103. What is the remainder when z is divided by 35?
33
Let q(d) be the first derivative of d**3 + 13*d**2/2 - 9*d + 9. Calculate the remainder when 36 is divided by q(-6).
15
What is the remainder when (-22712)/(-18) + -4 + 2/9 is divided by 90?
88
Suppose 11*k - 906 = 5*k. Suppose k = 4*v + 19. Calculate the remainder when v is divided by 1 - (-11 + 0)*1.
9
Let r(t) = t**2 - t - 1. Let l be r(-3). Let b(m) be the first derivative of 3*m**2/2 - 5*m - 1. What is the remainder when 53 is divided by b(l)?
25
Suppose -5*n + 471 = -249. Suppose -7 = -2*y + 21. What is the remainder when y is divided by ((-6)/(-4))/(27/n)?
6
Let a = -265 + 302. What is the remainder when 142 is divided by a?
31
Suppose -4*u - 4*o - 70 + 350 = 0, -4*o = -u + 70. What is the remainder when u is divided by 15?
10
Let u = -1441 - -1504. What is the remainder when 178 is divided by u?
52
Let d = 695 - 675. Calculate the remainder when 119 is divided by d.
19
Suppose 2*z + 349 = 5*f - 25, 4*z = -3*f + 240. Calculate the remainder when 136 is divided by f.
60
Suppose o + o = j - 63, 3*j - 189 = -2*o. What is the remainder when j is divided by 32?
31
Let b = 82 - 111. Let q = -10 - b. What is the remainder when 34 is divided by q?
15
Let a be ((-60)/7)/(-2 - 45/(-21)). Let j = -47 - a. What is the remainder when 50 is divided by j?
11
Suppose 3*y - 330 = -3*d, -2*d + 3*y = -6*d + 445. Let v(b) = -b + 31. What is the remainder when d is divided by v(18)?
11
Let l(d) = 2*d - 10 + 13 + 19 + 10. What is the remainder when l(13) is divided by 21?
16
Calculate the remainder when 123 is divided by (-78)/208 + (-259)/(-8).
27
Suppose 174 = 2*q + 168. Suppose -11 = -q*x + 58. Calculate the remainder when 110 is divided by x.
18
Suppose -3*w = 2*o - 158, -18*w + 19*w - 30 = 5*o. What is the remainder when 399 is divided by w?
49
Let t = -48 - -115. Suppose 49 = -5*w + 614. Let u = w - t. Calculate the remainder when u is divided by 16.
14
Suppose -d - 4*x = -93, -3*d + x + x + 223 = 0. Suppose -166*t = -164*t + 164. Let p = t - -102. Calculate the remainder when d is divided by p.
17
Suppose 5*j = -2*q + 3699, 1659 = 6*j + 2*q - 2779. Calculate the remainder when j is divided by 5.
4
Suppose 0 = y + 1, -5*r + 0*r + 3*y = -263. Let h = 19 - 13. Suppose h + 66 = 4*b. What is the remainder when r is divided by b?
16
Suppose 5*t - 13 = 4*t. Let k(m) = -5*m + 5. Calculate the remainder when k(-4) is divided by t.
12
Calculate the remainder when (44/(-10))/(75/(-125))*57 is divided by 60.
58
Suppose 2*k - 12*t - 42 = -10*t, -5*k = -2*t - 90. Calculate the remainder when 26 is divided by k.
10
Suppose -75 - 60 = -3*i. Let s = i - -38. What is the remainder when s is divided by 12?
11
Suppose 2*g - 31 = -t, -2*g + 7*g + 5*t - 90 = 0. Let z = 208 - 158. Calculate the remainder when z is divided by g.
11
Let f = -104 - -122. Calculate the remainder when f is divided by 10.
8
Suppose 217*w + 1188 = 244*w. Let z = 9 + 6. What is the remainder when w is divi